41/(-8). What is the units digit of z - (-4 - 2/(-2))?
8
Let t(n) = 2*n**2 + 32*n + 20. Let f be t(-13). Let h = f + 96. What is the units digit of h?
8
Let m(x) = -x**3 - 7*x**2 - 10*x - 21. Let n be m(-6). Suppose -n*z = -5*w + 556, -4*w + 362 = -z - 87. What is the hundreds digit of w?
1
Let k(v) = 97*v**2 + 39*v + 11. What is the thousands digit of k(6)?
3
Let c(y) = 4*y**3 + 4*y**2 - 5*y - 4. Let z be c(3). What is the tens digit of (4 + z/15)*9?
1
Let x be 16/32 - (-546)/4. Suppose -5*c + 710 = 5*o, o + x = 2*o - 4*c. What is the hundreds digit of o?
1
What is the units digit of ((-1)/1 - (-3 + 4)) + 883?
1
Let c(j) = 33*j + 151. What is the units digit of c(21)?
4
Suppose 0*h = -h + 5. Suppose 4*k - 38 = -h*w, 6 - 2 = 2*k. What is the units digit of w?
6
Let r(g) = g**3 - 3*g**2 + 5*g - 5. Let a be r(2). Suppose 4 = -3*u - 3*j - 5, -u = 2*j - a. Let x = 41 - u. What is the units digit of x?
8
Suppose 9*o + 41616 = 60*o. What is the hundreds digit of o?
8
Let u be (-1)/3*(-4 + 1). Suppose -2 - u = -l. Suppose -l*z + 64 + 35 = 0. What is the tens digit of z?
3
Suppose 2*v = -v + 5*r + 2, 3*v = -3*r + 18. What is the tens digit of (6/v)/(5/250)?
7
Let k(w) = w**2 - 8*w + 7. Let l be k(7). Let s = 3 + l. Suppose h = -3*z + 74 - 13, s*z - 63 = -3*h. What is the tens digit of z?
2
Let b = -521 + 241. Let q = -171 - b. Suppose q + 3 = 4*u. What is the units digit of u?
8
Let p(i) = i**3 - i - 1. Let w be p(0). Let l(a) = 2*a**2 - 36*a - 26. Let j be l(19). Let m = j + w. What is the tens digit of m?
1
Let x(t) = -t**3 + 4*t**2 + 3*t + 9. Let r be x(5). What is the tens digit of (-447)/(-6) + 1/(r - 1)?
7
Let k(c) = 3*c - 52. Let u(m) = 3*m - 53. Let w(l) = -3*k(l) + 2*u(l). Let x(n) = 2*n - 33. Let f(t) = -5*w(t) - 8*x(t). What is the units digit of f(0)?
4
Suppose 111 = -2*t - 3*t - 4*p, 5*p = -t - 18. Let w = 8 + t. Let q = -4 - w. What is the units digit of q?
1
Suppose -12097 = -4*d - a, 9*d + 3*a + 2*a = 27221. What is the tens digit of d?
2
Let q(v) = 4*v - 1. Let z be q(-2). Suppose -90 - 190 = 7*k. Let o = z - k. What is the units digit of o?
1
Suppose 16*t - 19*t + 1257 = 0. What is the hundreds digit of t?
4
Let r(f) = -10*f - 12. Let a(o) = -11*o - 13. Let z(h) = -6*a(h) + 7*r(h). Let y(u) = u**2 - 6*u + 4. Let t be y(4). What is the units digit of z(t)?
0
Suppose 66605 = 6*r + 49*r. What is the thousands digit of r?
1
What is the hundreds digit of (-13 + 5 - -38)*103?
0
Let n = -41 - -69. Let z = 43 - n. What is the tens digit of z?
1
Let u be ((-2 - -5) + -4)*-179. Let q = u + -53. What is the hundreds digit of q?
1
Let o = -47 + 49. Suppose -o*t + 48 = t. What is the tens digit of t?
1
Let n(i) = -3*i - 27. Let d be n(-11). Suppose d*a - 95 = 2*a - 5*w, 5*a = 5*w + 175. What is the tens digit of a?
3
Suppose 4*u - 4417 = -2*a + 4591, 0 = 4*u + 4*a - 9008. What is the units digit of u?
2
Suppose 3*i - x = -1940, -4*i - 4*x = 2320 + 288. Let n be (-2)/3*i/(-4). Let k = n - -153. What is the units digit of k?
5
Suppose z = -3*r + 218 - 35, 12 = -4*r. What is the tens digit of z?
9
Let q(h) = 6*h - 24. Let r be q(7). Suppose -2*l = -0*l - 130. Suppose 4*n - l = v + r, 2*n + 2*v - 44 = 0. What is the units digit of n?
1
Let r(a) = -4*a**3 + 2*a**2 + 2*a + 1. Let c be r(-3). Let s = -16 + c. What is the tens digit of s?
0
Let q = 27 - 22. Suppose -b = q*u + 23, 0 = 2*b - 0*u + 2*u + 14. What is the units digit of (129/(-6))/(b/6)?
3
Let s = 4009 - 2508. What is the tens digit of s?
0
Let x(h) = 15*h - 101. What is the tens digit of x(32)?
7
Let m = 10 + -7. Let u = m + 2. Suppose 3 - 2 = o, 4*o = u*h - 106. What is the tens digit of h?
2
Let v(i) = -31*i + 15. Let h(o) = 93*o - 45. Let a(t) = 4*h(t) + 11*v(t). What is the units digit of a(6)?
1
Suppose 3*v - 263 = -5*z, -3*z + 528 = 5*v + 63. Suppose -2*q - 2*g + v = -0*q, -2*g = 2. What is the tens digit of q?
4
Let l(s) = 11*s**2 - 5*s + 4. Let a be l(5). Let v = -137 + a. What is the hundreds digit of v?
1
Let b(p) = 48*p**2 - 7*p + 30. What is the tens digit of b(3)?
4
Suppose -4*h - 6 = -26. Suppose 0 = -h*y + 1048 - 248. Suppose 3*m = -2*m + y. What is the units digit of m?
2
Let j = -29 + 13. Let v = j + 9. Let c = v + 9. What is the units digit of c?
2
Suppose 2*i = -5*k + 25, -5*i + k = -69 - 7. Let r = i - 7. Suppose -p - 11 = -2*x, r*p = 2*x + 4*p - 14. What is the units digit of x?
5
Let u be 493/153 - 4/18. Suppose u - 23 = 5*n. What is the units digit of 1 + 3 + 1 + n?
1
Let u(p) = 4*p**2 - 3*p**2 + p**2 - 2*p + 0*p**2. What is the units digit of u(-4)?
0
Let r(s) = 8*s**3 - s**2 + 4*s - 4. Let i be 1/((-1)/6*-3). What is the tens digit of r(i)?
6
Let j(g) = 2*g**2 - 28*g + 10. Let a be j(19). Suppose -4*d - d + a = 0. What is the tens digit of d?
4
Let i(y) = -y**3 + 0*y**3 - 2 + 5 - 2*y. Let s be i(-3). Suppose -2*u + s = 2*u. What is the units digit of u?
9
Suppose -7*l - 53 = -v - 3*l, -v = 2*l - 35. What is the tens digit of v?
4
Let b be (-3273)/27 + (-12)/(-54). Let y be (-233)/11 + (-22)/b. Let v = y - -76. What is the tens digit of v?
5
Suppose 239*u + 954 = 242*u. What is the hundreds digit of u?
3
Let i = 2065 - 303. What is the thousands digit of i?
1
Let c(d) = -14*d**3 + 5*d**2 + 51*d - 7. What is the hundreds digit of c(-5)?
6
What is the thousands digit of (-2)/(-12) - 266354/(-132)?
2
Suppose -g = -0*g - 70. What is the units digit of (-20)/g + 128/7?
8
Let s(q) = 280*q**2 - q - 2. Let d = -17 - -16. What is the hundreds digit of s(d)?
2
Let i(k) = k - 38. Let b be i(18). Let w = b + 109. What is the units digit of w?
9
Let a(p) = 84*p + 60. What is the units digit of a(5)?
0
Suppose -13 + 2 = -v - 3*q, 0 = -2*v + q + 1. Suppose -2*u + 3*h + 241 = -434, -3*u + v*h = -1020. What is the tens digit of u?
4
Let g(n) = 184*n - 37. What is the tens digit of g(4)?
9
Let l(y) = -y**2 + 3*y - 3. Suppose 10 = -5*x + 15. Let s be l(x). What is the tens digit of s - (-42 + (1 - -3))?
3
Let o = -125 + 135. What is the tens digit of o?
1
Let h = 2283 + 134. What is the units digit of h?
7
Let k(q) = 579*q + 175. What is the units digit of k(2)?
3
Suppose -3*b + 770 = -h, -2*b + 3*b - 2*h - 260 = 0. Suppose 15*x - 11*x - b = 0. What is the tens digit of x?
6
Let c be (212/8)/(2/64). Suppose c = -3*a + 11*a. What is the hundreds digit of a?
1
Let b(o) be the first derivative of o**3/3 - o**2/2 + 42*o - 9. What is the tens digit of b(0)?
4
Suppose 9*q + 158 = 896. What is the tens digit of q?
8
Let f(q) = 10*q**3 + 4*q**2 + 5*q + 9. What is the hundreds digit of f(5)?
3
Let x = 381 + -541. What is the units digit of (x + -2)/(-3) - -2?
6
Let a(o) = 81*o**3 + 3*o**2 + 2*o - 7. What is the thousands digit of a(3)?
2
Suppose 2*r + 5 = 13. Suppose 2*y = -r*x - 60, -5*x - 2*y = 47 + 29. What is the tens digit of 3*(-3 + 2) - x?
1
Suppose -3*q = -s - 6*q + 276, 1113 = 4*s + 3*q. What is the units digit of s?
9
Let k(p) = p - 6. Suppose 0 = f - 40 - 5. Suppose 3*b + 27 = 3*i, 2*i + 3*i + 5*b = f. What is the units digit of k(i)?
3
Suppose 0 = 42*c - 30*c - 10188. What is the hundreds digit of c?
8
Let c(y) = y**2 + 8*y. Let v be c(-7). Let f(w) = -w**3 - 8*w**2 - 8*w + 6. Let x be f(v). Suppose 0 = -4*a - 3 - x, -32 = -i - a. What is the units digit of i?
6
Suppose -4 - 10 = -2*z + 2*g, -3*g - 5 = z. Let l(y) = 3*y**3 - 8*y**2 + 12*y - 10. What is the units digit of l(z)?
2
Suppose 0 = -22*n + 21*n - 12. What is the tens digit of (n/10)/((-2)/(800/15))?
3
Let n(g) = 4*g**3 - 6*g**2 + 8*g + 2. What is the units digit of n(6)?
8
Suppose 8*z - 468 - 772 = 0. Suppose z = 2*c + 3*c. What is the tens digit of c + 2*(-4)/4?
2
Suppose 0 = 4*m - 2*y - 22, 3*m + 2*y = 3*y + 16. Let h(g) = g**3 - 4*g**2 + 6*g + 5. What is the tens digit of h(m)?
6
Let v(p) = p**3 - 2*p**2 + p - 2. Suppose 5*u - 156 - 4 = 0. Suppose u = 3*g - 5*q, 2 = -4*g + 2*q + 26. What is the tens digit of v(g)?
3
Let w(a) be the first derivative of -5*a**2 + 6*a + 5. What is the units digit of w(-6)?
6
Let w(q) = 121*q**2 + 3*q - 2. Suppose -3*g - 14 = -5*k, -11 = 4*k + 3*g + 2*g. What is the tens digit of w(k)?
2
Suppose -44*w + 18220 = -25780. What is the tens digit of w?
0
Suppose 6*n - 23 = 1. Suppose -5*c - 2*t = 2*t - 292, -n*c - 3*t = -234. What is the units digit of c?
0
Let t = 523 - 220. What is the unit